te z(v).
7
Let t(d) = d**2 - 38*d + 41. Let s be t(37). Let f(g) = 2*g - 11*g**3 + 6*g**2 + 9*g**3 - s + 3*g**3. Determine f(-5).
11
Let f(i) = -i**2 + 8*i - 3. Suppose -13*w + 143*w + 274 = 1574. Give f(w).
-23
Let p(h) = 2*h + 5. Let s be p(0). Let c(a) = 118*a + 2 + a**3 - s*a**2 - 57*a + 6 - 62*a. Give c(6).
38
Suppose -5*i - i - 36 = 0. Let k be (8/(-20))/(i/105). Let r(m) = -m**2 + 7*m - 8. What is r(k)?
-8
Let t(v) = 0*v**3 - 6*v**2 + 5*v + 0*v + v**3 - 2*v. Let y(l) = l**2 + 7*l + 3. Let c be y(-7). Suppose -d - c + 6 = 0. Give t(d).
-18
Let d(z) = -z**3 + z**2 + 4*z - 8. Suppose v - 3*g + 3 = -13, -v + 19 = 2*g. What is d(v)?
-88
Let w = 143 + -145. Let c be (-2)/1*(5 + w). Let b(u) = 2*u. Give b(c).
-12
Let z(h) = -h**3 - 4*h**2 + 3*h - 3. Let m be (-150)/(-25) - (-1 - (-16 - -4)). What is z(m)?
7
Let z be 900/41 - 620/(-12710). Let d(l) = -2*l + 80. What is d(z)?
36
Let v(c) be the second derivative of 2*c**3/3 + 10*c**2 + 976*c. Calculate v(6).
44
Suppose -85*m - 63 = 362. Let z(b) = 18*b + 90. Give z(m).
0
Let w be ((-2)/3)/(1/(-6)). Suppose w*v + 15 = v, -3*v = -3*c + 3. Let b(f) = -47*f + 10. Let o(m) = -22*m + 5. Let n(k) = -6*b(k) + 13*o(k). Calculate n(c).
21
Let d(i) be the third derivative of 3*i**5/20 + i**4/2 + 5*i**3/3 + 2*i**2 - 11*i. Let q(a) = 2*a**2 + a + 1. Let j(c) = d(c) - 4*q(c). What is j(-6)?
-6
Suppose -17*c + 467 = 42. Suppose 57 = 44*j - c*j. Let i(q) = -3*q**2 + q - 4. What is i(j)?
-28
Let z(h) = -3*h**3 + 9*h**2 + 17. Let o(q) = 4*q**3 - 10*q**2 - 25. Let j(v) = 2*o(v) + 3*z(v). Let b = 0 + 7. What is j(b)?
1
Let n = -203 + 205. Let x(v) = -15*v**3 - 3*v**2 - v - 2*v**3 + 14*v**3 + n*v**3. Suppose -5*i - 12 = i. Give x(i).
-2
Let v(f) = 8*f**2 + 181 - 71 + 8*f - 53 - 61. Calculate v(3).
92
Let i(s) = -3824*s**2 - 3830*s**2 - 3 + 2*s**3 + 19*s - 3828*s**2 + 11470*s**2. Calculate i(2).
3
Let f be (-15)/(-50)*2/6 - 232/(-80). Let v(p) be the third derivative of 0 + 0*p + 1/24*p**4 + 1/4*p**5 - 1/6*p**f + 18*p**2. Calculate v(1).
15
Let o = -28 - -64. Let i be (-3)/(48/(-76)) - (-9)/o. Let t(a) = -a**2 + 6*a - 2. Give t(i).
3
Let j(h) = -2*h**2 - 40*h - 69. Let a = -14417 + 14399. Determine j(a).
3
Let j(v) be the third derivative of v**4/12 - 2*v**3/3 - 484*v**2 + 3*v. Determine j(4).
4
Let g(i) be the second derivative of -41*i + 1/12*i**4 + 0 + 0*i**2 + 1/120*i**5 - 3*i**3. Let h(c) be the second derivative of g(c). Calculate h(-3).
-1
Let w be 1 + 32/(-28) - (-19 - (-1180)/70). Let m(j) = -1. Let l(d) = 7*d. Let y(f) = l(f) + 3*m(f). Give y(w).
11
Let l(d) = -997*d**3 + 6 + 497*d**3 - 5*d - 3 + 499*d**3. Calculate l(3).
-39
Let f(i) = -i - 1. Let a(j) = -3*j + 1. Let g(k) = a(k) + 2*f(k). Let t(x) = 2*x**2 - 42*x - 1. Let m(c) = 6*g(c) - t(c). Determine m(5).
5
Let c(t) be the second derivative of t**5/20 - 5*t**4/6 - t**3/3 + 7*t**2 + 70027*t. Let i be (0 + -15)/(6/(-4)). What is c(i)?
-6
Let c = -496 + 503. Let u(y) = -y**3 + 9*y**2 - 5*y + 4. What is u(c)?
67
Let u(m) be the second derivative of m**4/6 - 11*m**3/2 - 32*m**2 + 7*m - 139. Determine u(-2).
10
Let q = -4 + 9. Let f(j) = -9*j**2 - 253. Let d(h) = -2*h**2 - 2*h - 64. Let m(x) = -4*d(x) + f(x). Determine m(q).
18
Let b(i) = -7*i + 6*i + 2*i. Suppose 6 = -0*k + 3*k. Let c be k/6 - (-4)/(-3). What is b(c)?
-1
Let d(h) = h**3 - 7*h**2 + 4*h + 3. Let o be ((-3)/(-15))/((2/30*3)/7). Give d(o).
31
Let i(m) = -42*m - 7. Let u(l) = -223*l - 36. Let k(o) = -11*i(o) + 2*u(o). Give k(-4).
-59
Let a be 2*-3*(11 + 17/(204/(-108))). Let f(s) = s**2 + 7*s + 12. What is f(a)?
72
Let q(b) = b**2 - b - 1. Let g be q(3). Let i(l) be the second derivative of -l**5/20 + l**4/3 + l**3/2 + 3*l**2 + 680*l. Give i(g).
-4
Let k(n) = -103*n - 236. Let y(h) = -55*h - 114. Let z(w) = -4*k(w) + 7*y(w). Calculate z(-5).
11
Let g(q) be the first derivative of 7*q**2 + 8*q + 261. Calculate g(-1).
-6
Let l = 477 - 473. Suppose 5*m + 17 = -4*q, -6*m - 20 = -l*m - 5*q. Let i(r) = -4*r + 4. What is i(m)?
24
Suppose 0 - 1 = -x. Let s(k) = 26*k**2 - k + 2. Let r be s(x). Suppose -1 = -4*b + r. Let l(v) = v**3 - 8*v**2 + 6*v + 1. What is l(b)?
-6
Let n(p) = p - 1. Let l(z) = -9*z - 17. Let k(b) = -l(b) + 3*n(b). Let w(x) = 11*x + 12. Let r(t) = -5*k(t) + 6*w(t). What is r(3)?
20
Let a = 51889 + -51874. Let i(o) = 4*o**2 - 12*o. Let u(t) = -t**2 - t + 1. Let q(d) = -i(d) - 3*u(d). Give q(a).
-3
Let b(y) = -30*y**2 - y + 1. Suppose -5*d - 3 = -8*d - 5*v, 0 = 4*d - 2*v - 4. Let t be (1 + 1)/((-1)/(d/(-2))). Calculate b(t).
-30
Suppose 6 = 3*i - 18. Suppose 0*u = -i*u + 32. Let h(l) be the third derivative of l**4/24 - 5*l**3/6 + 4*l**2. What is h(u)?
-1
Let t(d) = 9*d**3 + d**2 + 2*d + 1. Let b be 3 - ((-14)/28)/((-1)/(-18)). Suppose 10*k = b*k + 2. What is t(k)?
-9
Suppose 5*b - 13 + 3 = 0. Suppose -y + g = -b*g - 3, -9 = -3*y - 5*g. Suppose -3*f + 15 = f - 3*l, -y*l - 12 = -3*f. Let t(u) = -u + 3. Determine t(f).
0
Let w(g) = 0*g**2 + 1 + 1148923*g - 39*g**3 - 1148925*g + g**2. Determine w(1).
-39
Let g = 19258 - 19259. Let a(p) = 14*p**3 + 2*p**2 + p - 1. Determine a(g).
-14
Let u(a) be the second derivative of 23*a**3/3 + a**2/2 - 1210*a. Determine u(3).
139
Let n = -440 - -445. Suppose 0 = -n*o + g + 21, 3*o + 6 = 5*o - g. Let k(j) = 6*j + 4. Give k(o).
34
Let v(z) = 3*z**2 + 43*z + 256. Let n(t) = 4*t**2 + 65*t + 385. Let h(j) = 5*n(j) - 7*v(j). Let a(w) be the first derivative of h(w). Determine a(12).
0
Let l(k) = -27*k + 64. Let q(a) = -13*a - 2206. Let o be q(-170). Give l(o).
-44
Let s(b) be the first derivative of b**4/8 - 2*b**3/3 - 4*b**2 - 32. Let h(k) be the second derivative of s(k). Calculate h(7).
17
Let o(g) be the first derivative of -1/3*g**3 + 78 + 4*g + 5*g**2. Determine o(8).
20
Let l be (3248/2552)/((-4)/(-154)). Let z(g) = -g**3 + 51*g**2 - 97*g - 49. Determine z(l).
0
Let d(j) = 17*j**2 - 2. Let p(g) = -2*g**2 + 1. Let x(y) = -d(y) - 9*p(y). Suppose 2*i - 12 + 2 = -4*v, -2*v - 5 = -i. Determine x(v).
-7
Let x be 6/3 + -8 + 0. Let p(q) be the third derivative of 0*q - 3/8*q**4 - 1/2*q**3 + 32*q**2 + 0 - 2/15*q**5 - 1/120*q**6. Give p(x).
-21
Let t(r) = -r**3 - 3*r**2 + 3*r + 1. Let f be t(-3). Let p(u) = 8 + 5*u**2 + 3*u**2 + 37*u - 4 + u**3 + 7 - 39*u - 4. Determine p(f).
23
Let g = 350 - 353. Let s(p) = 5 + 8*p**2 + 6*p**3 + 0*p**3 - 10*p**3 + 2*p. Let v(z) = 7*z**3 - 15*z**2 - 4*z - 10. Let x(w) = g*v(w) - 5*s(w). Give x(5).
15
Let j(b) = -8*b - b + 5*b + 11 + 5*b. Let g be 22*(-6 + (-55)/(-10)). Determine j(g).
0
Suppose -3*m - 47 = 7. Let z = m - -18. Let y(d) = d**2 - 17*d - 7. Let b(v) = -3*v. Let s(q) = 6*b(q) - y(q). Determine s(z).
7
Let c(j) = j**3 + 13*j**2 + 39*j - 11. Let d be c(-7). Let v(f) = 8*f - 76. Give v(d).
4
Let n(h) be the first derivative of -h**4/4 - 16*h**3/3 + h**2/2 + 9*h + 1816. Give n(-16).
-7
Let d(g) = 2*g + 14. Let p = 263 + -186. Let v = -85 + p. Let l(x) = -x - 5. Let c(k) = v*l(k) - 3*d(k). What is c(-6)?
-14
Suppose -29*f - 875 = 41*f + 105*f. Let x(k) = -25*k - 119. Give x(f).
6
Let q(c) be the third derivative of 0 + 0*c - 46*c**2 + 1/6*c**4 + 0*c**3. What is q(-2)?
-8
Let b(t) = 6*t**2 - 17*t - 6. Let q(l) = 5*l**2 - 12*l - 5. Let p(y) = -3*b(y) + 4*q(y). Suppose -5*n + 19 = 79. Let v = n + 9. Determine p(v).
7
Let b(v) = v**2 + 9*v + 31. Let h(o) = -2*o - 6. Let y(i) = -2*b(i) - 11*h(i). Determine y(3).
-2
Let n = -2324 - -2305. Let i(v) = -2*v**2 - 37*v + 21. Calculate i(n).
2
Let s be -1 - (-1 + 2)*0. Let d be 1304/6*6/8. Let a(h) = 8*h + 9*h + 164 - d. What is a(s)?
-16
Let k(y) = -15*y + 2. Let u(a) = -67*a + 9. Let n(v) = 9*k(v) - 2*u(v). Give n(-6).
6
Let k(c) = -5*c**2 + 4*c + 3. Let m(t) = -t**3 - 10*t**2 + 32*t + 319. Let p be m(-10). Determine k(p).
-6
Let z(s) be the third derivative of -s**5/60 + s**4/4 + 61*s**3/2 - 34*s**2 - 6. Calculate z(-11).
-4
Let g(x) = -4*x - 39. Let i(k) = -2*k + 36. Let j be i(21). Determine g(j).
-15
Let k(o) = o**3 + 3*o**2 - 2*o + 5. Let a(i) = i**2 - 15*i + 11. Let l be a(13). Let u = 110 + l. Let y = -99 + u. What is k(y)?
-3
Let p = -1 + 0. Let m(b) = 37*b + 68 - 16*b - 21*b - 67 + 19*b**2. Give m(p).
20
Let x(h) = -2*h**3 - 53*h**2 + 79*h - 139. Let t be x(-28). Let i(m) = 18*m - 16. What is i(t)?
2
Let p(b) = 17*b + 22. Let h be p(-1). Let o(y) = -y + 17. Let m(u) 